?
False
Let d(c) = -21*c**3 - 5*c**2 - 6*c - 27. Is d(-5) a composite number?
False
Suppose 2565 = 16*h - 859. Is h a composite number?
True
Let l(i) = 8*i + 2*i**3 - 7*i**2 - 11*i - 7 - 4*i. Is l(7) a composite number?
True
Suppose -24*a + 27*a - 15 = 0. Suppose a*n + n - 18 = 0. Is (621/n)/1 - 4 composite?
True
Let q = 336 - -923. Is q composite?
False
Suppose -4*a + 4*k = -0*a - 28, a - 22 = -2*k. Let t be a*((-3140)/(-16))/5. Suppose 2*g - t = -g. Is g a prime number?
True
Let w = 19 + -17. Suppose 342 = w*n - 620. Is n prime?
False
Suppose -5*i = -5*n + 3*n - 285955, 0 = -4*n. Is i prime?
True
Let q be -2*-15*(-3)/(-6). Let w(a) = -a**3 + 17*a**2 - 20*a - 5. Is w(q) prime?
False
Suppose -12*w + 7*w - 3*a = -20966, 5*w - 20969 = -2*a. Is w a prime number?
False
Is -8 + (-205)/(-25) - (-10808)/10 prime?
False
Suppose 5*g - 6863 - 32416 = -3*j, 2*g + 26186 = 2*j. Is j prime?
True
Let q = 3614 + -205. Is q a prime number?
False
Let d be 7 + -6 + (-1 - -3) - -1. Suppose 4*g - 5*g = -3*h - 121, -h = d. Is g a prime number?
True
Suppose -8*z + 5666 = 2*m - 12*z, -11347 = -4*m + 5*z. Is m composite?
False
Let d(c) = 853*c**2 - 16*c + 40. Is d(9) a composite number?
True
Let q(m) = 221*m**2 + 3*m + 2. Let k be q(-1). Suppose -k = -5*u + 75. Is u a prime number?
True
Let t(h) = 125*h**2 + 2*h - 1. Let k(w) = -w**3 + 8*w**2 + 9*w + 2. Let v be k(9). Is t(v) prime?
True
Let f(d) = -d**3 + 23*d**2 + 6*d - 41. Is f(16) a composite number?
False
Let x = -45915 + 89572. Is x a prime number?
False
Let d = -10500 + 16481. Is d a composite number?
False
Suppose 2 = -2*j, 2*b + 5*j = -164 + 491. Suppose -2*v - 183 = -5*k, 429 = -3*v + 4*k + 144. Let t = v + b. Is t composite?
False
Suppose 0 = o + 22 + 70. Let k = o - -369. Is 2/3 + k/3 composite?
True
Suppose -4*j + 244677 = -88855. Is j a prime number?
True
Let h(n) = 1270*n**2 - 34*n + 17. Is h(4) prime?
True
Let s = 13 + -7. Let f be 498 + 3 + 5 + -10. Is f/s + 2/6 a prime number?
True
Let i(t) = 3*t**2 + 26*t + 19. Is i(20) a prime number?
False
Suppose -7 - 5 = r + 4*u, r - 5*u = 15. Suppose r = -h + 5*a + 1736, 4*h + 4*a - 5265 = h. Let y = h - 972. Is y prime?
False
Let k(s) = s**3 - 10*s**2 - s + 12. Let w be k(10). Suppose 4*t - w*z = 2060, z = 5*t - 0*t - 2572. Is t prime?
False
Let t(n) = 136*n + 37. Suppose -8*s + 43 + 5 = 0. Is t(s) prime?
True
Let z(c) = -149*c + 53. Is z(-10) a prime number?
True
Suppose 2 = 5*k - 13. Suppose k*a - 5805 = 3*t, 0*a + a + 5*t = 1959. Is a a prime number?
False
Let z(h) = -h**3 + 5 - 1 + 5*h**2 - 2 - 5*h. Let n be z(3). Suppose -n*b + 3 = -27. Is b prime?
False
Let b(p) = -2*p + 35. Let g be b(16). Suppose h + h = -4*t + 60, g*h - 58 = 2*t. Is h prime?
False
Let j = -18 + 24. Let s be 5/(-15) - (-38)/j. Is ((-4)/s)/((-4)/66) a composite number?
False
Let y(b) be the first derivative of b**6/120 - b**5/30 - 5*b**4/24 + 13*b**3/6 + 3*b**2/2 + 3. Let z(k) be the second derivative of y(k). Is z(6) prime?
True
Suppose 2*n + 28 = -3*b, -b + 4*b - 4*n = -52. Let l be (-6)/(-8) + (-1203)/b. Let d = l + 2. Is d a composite number?
False
Let t = 8158 - 99. Is t composite?
False
Let h(q) = 413*q - 528. Is h(47) prime?
False
Let y = 4870 - -375. Is y a composite number?
True
Is (5/60*-4)/((-2)/48318) a prime number?
True
Let w be -2 + -1 + (7 - 3). Let m be w*-4*(-2)/(-2). Is ((-6)/(-9))/(m/(-282)) a prime number?
True
Is 0 - (4 - (7562 + -3)) composite?
True
Suppose -6*o - 39684 = -18*o. Is o prime?
True
Let q = -3 - -2. Is -4 - (0 + q) - -494 prime?
True
Let d(m) = -67*m - 14. Let k(v) = -66*v - 13. Let q(p) = 4*d(p) - 3*k(p). Is q(-10) prime?
True
Let b = -4436 - -8725. Is b composite?
False
Let w be (-4)/(-6) - (-10)/3. Suppose 282 = 2*t - x + 5*x, 143 = t + w*x. Is t a composite number?
False
Suppose -1490 = 2*x + 392. Let r = -348 + x. Let b = -742 - r. Is b prime?
True
Suppose -5*f + 39683 = 2*q, 2*q + 1 + 1 = 0. Is f prime?
True
Is 15043/56 - (-24)/64 composite?
False
Suppose 0 = 3*i + 15, 5*i + 1386 = -4*d + 5*d. Is d a prime number?
True
Let x = -9444 + 5128. Let w = x - -6127. Is w composite?
False
Is (-137664)/(-15) + 21/15 prime?
False
Let k = -550 + 905. Suppose 0 = 31*n - 26*n - k. Is n composite?
False
Let t(j) = -622*j**2 + 29*j - 67. Let m(f) = 155*f**2 - 7*f + 17. Let q(u) = 9*m(u) + 2*t(u). Is q(-6) composite?
True
Let i be 9/(-2)*16/(-24). Suppose o + i = -4*b, 5*b - 3*o = -0*o + 9. Let w = 11 + b. Is w a prime number?
True
Suppose 5*r = 4*z + 655 - 33, 6 = 3*z. Let f = r - -141. Is f a prime number?
False
Suppose -2*u + 2941 = g, -14742 = -4*g + 2*u - 3008. Is g a composite number?
True
Let i(p) = -16*p**2 + 2*p. Let n be i(1). Let f = n - -19. Suppose 180 = -b + 2*b - q, -3*q = f*b - 908. Is b a composite number?
False
Let w(j) = 3*j + 3*j**3 - j + 9 - 2*j**2 - 18 + 7*j**2. Is w(5) a composite number?
True
Suppose 21*k = 16*k - 35. Let p = k + 14. Let v = 10 - p. Is v composite?
False
Let l(b) = 280*b**2 - 27*b**2 - 1 + 5*b - 3*b. Is l(1) a composite number?
True
Let h = 915 + 26854. Is h a composite number?
True
Suppose -19 = -5*d + 1. Suppose d*l + 28 = -4. Let w(u) = -57*u - 9. Is w(l) prime?
False
Suppose -t + r = -11, -4*t - 2*r - 2*r = -4. Suppose -2*b + t*b = -112. Let y = b + 79. Is y a composite number?
True
Let w = -95 + 97. Let c(p) = 382*p**3 - 2*p**2 + 3*p - 1. Is c(w) prime?
False
Suppose -4*m = u - 13, -4*u - 13 = -4*m + 15. Let r be 1719 - (0 - -6)/u. Suppose r = 2*b + 375. Is b a prime number?
True
Suppose 0 = 4*m + 8, d - 5*d = -3*m - 18. Suppose -y + 88 = d*u, -5*u + 2*y = -165 + 11. Suppose z = -4*a + u, 8 = -a - a. Is z a composite number?
True
Let y(s) = -s**2 + 8*s - 9. Let w be y(13). Let k = 21 - w. Is k a composite number?
True
Suppose 0 = -45*t + 43*t + 8562. Is t a composite number?
True
Let o(i) = i**2 - 15 + 2*i + i + 20. Let b be o(-9). Let z = 122 + b. Is z composite?
False
Let n(p) = -p - 10. Let l be n(-15). Suppose 0*f = l*f - 275. Is f a composite number?
True
Suppose -267 - 2048 = -3*j - p, -2*j = -5*p - 1532. Is j a prime number?
False
Let t(q) = -76*q - 11. Let p = 5 - 9. Is t(p) a prime number?
True
Suppose -8388 = 5*d - 53543. Is d a prime number?
False
Let m = -3823 - -7334. Is m a prime number?
True
Let w(k) = k**3 - 6*k**2 + 9*k - 19. Let i be w(5). Suppose 3*a + 0*a = -36. Is (i - 6)/(a/204) a prime number?
False
Let f be (5/15)/(1/15). Suppose 2*s + 2*n - 641 = f*n, n + 1635 = 5*s. Suppose -l + s - 93 = 0. Is l a prime number?
False
Suppose g = -g + 1098. Let h = 797 - g. Let z = h + -169. Is z a composite number?
False
Let k(t) = 172*t + 33. Suppose -3*x = -5*l - 42, -5*x + 5*l + 62 + 8 = 0. Is k(x) a prime number?
True
Is (-12)/3*115860/(-240) prime?
True
Let z(a) = 52*a - 52*a - 17 + 2*a**2 - a**3. Is z(-8) composite?
True
Let r be (1 - (-1 - 1))/((-2)/(-218)). Suppose -r + 864 = 3*d. Is d composite?
False
Let z = 34 - 32. Let a be z/4 - (-47615)/10. Suppose -3071 = -3*b + a. Is b prime?
False
Let z(t) = 1873*t - 51. Is z(14) a composite number?
False
Suppose -y = -2*k + 69 - 15, -42 = -2*k - 2*y. Suppose -2*o + 5*c = -k, -2*c - 3*c + 35 = 4*o. Is o composite?
True
Suppose -5*j + 2*v + 42317 = -2*j, -2*j + 28224 = 5*v. Is j composite?
False
Suppose 0 = 24*x - 32*x + 153304. Is x a prime number?
True
Suppose -2*p + 122 = 3*z - z, 5*z = -3*p + 183. Let m = -55 - -85. Let i = m + p. Is i a prime number?
False
Let z(p) = -p**3 + 89*p**2 - 40*p + 331. Is z(83) composite?
True
Let p(w) = 4*w**2 + 8*w + 47. Is p(22) a composite number?
True
Let y(v) = v**2 - 6*v - 7. Let l be y(-5). Is l + (0 - 10/5) a composite number?
True
Let q(j) be the second derivative of j**5/15 - j**4/4 + j**3/2 - 4*j. Let v(t) be the second derivative of q(t). Is v(8) prime?
False
Is 7219 - (3 - (-3)/(3 - 6)) a prime number?
False
Let p(v) = -2475*v - 151. Is p(-14) a prime number?
True
Is (-2888 + -9)/(((-4)/7)/4) prime?
False
Let k(r) = 157*r**2 + 14*r + 44. Is k(-5) a composite number?
True
Suppose -r - 2*q = -326 + 123, 852 = 4*r - 2*q. Let x = r - 84. Is x a composite number?
False
Suppose -5*y + g = 244, -5*g + 186 - 22 = -3*y. Is 36476/10 - y/(-80) prime?
False
Let v = 20117 + -5624. Is v composite?
True
Is 0 + 8910 + (32 - 19) a composite number?
False
Let n(t) = 1 + 0*t**2 - t - t**3 - 4 + 4*t**2 + 1. Let s be n(3). Is (